e highest common factor of 9880290 and 450?
90
Calculate the greatest common divisor of 2126921 and 697.
17
Calculate the highest common divisor of 9670635 and 532515.
4065
Calculate the greatest common divisor of 1850 and 1083100.
50
Calculate the highest common divisor of 317568 and 257197.
827
What is the greatest common divisor of 119146 and 5973283?
1453
What is the greatest common factor of 34 and 1710936576?
34
Calculate the greatest common divisor of 201108895 and 391.
391
Calculate the highest common factor of 553 and 65989.
7
What is the greatest common divisor of 25 and 16161150?
25
Calculate the highest common divisor of 31433844 and 312.
156
Calculate the highest common factor of 1817133 and 21703.
1973
What is the highest common divisor of 256139500 and 230?
230
What is the highest common factor of 14791 and 1099?
7
Calculate the highest common factor of 678532480 and 3200.
640
Calculate the highest common factor of 10683980 and 60.
20
Calculate the highest common divisor of 12 and 255705108.
12
Calculate the greatest common divisor of 1128284076 and 4812.
4812
What is the greatest common factor of 245295825 and 723?
723
What is the greatest common divisor of 736 and 2350232?
184
What is the greatest common factor of 7688330 and 20?
10
What is the highest common factor of 2184 and 355173?
273
What is the greatest common divisor of 216302688 and 456?
456
What is the greatest common factor of 6194 and 18088?
38
Calculate the highest common factor of 12449078 and 19364.
94
Calculate the highest common factor of 18937047 and 3.
3
What is the highest common factor of 1592322464 and 664?
664
What is the greatest common divisor of 6935730 and 18?
6
What is the highest common divisor of 1040 and 245830?
130
What is the greatest common factor of 17127 and 551496?
33
Calculate the highest common divisor of 374682 and 755601.
231
Calculate the greatest common divisor of 553297 and 5672587.
5171
What is the greatest common divisor of 663 and 119977143?
663
Calculate the greatest common factor of 333749916 and 30636.
1332
What is the highest common divisor of 48773646 and 2052?
342
Calculate the highest common divisor of 518 and 677491423.
259
What is the highest common factor of 22744 and 3032?
8
Calculate the highest common factor of 83979 and 5022486.
2709
Calculate the greatest common divisor of 242032 and 1897.
7
Calculate the greatest common factor of 6483564 and 19764.
324
Calculate the greatest common factor of 390224 and 66004.
116
Calculate the greatest common divisor of 459355 and 192400.
2405
What is the greatest common divisor of 5504464 and 24?
8
Calculate the highest common divisor of 48 and 129780656.
16
What is the highest common divisor of 7117 and 77524187?
647
What is the highest common divisor of 64512 and 1877904?
1008
What is the highest common factor of 8 and 645500?
4
Calculate the greatest common divisor of 82458833 and 802.
401
What is the highest common divisor of 14419121 and 358383?
1783
What is the highest common divisor of 768012 and 413280?
3444
Calculate the highest common factor of 70 and 114618930.
10
Calculate the highest common factor of 461 and 2497266043.
461
What is the greatest common factor of 415 and 2350892?
83
What is the greatest common divisor of 4228 and 72277056?
604
Calculate the greatest common divisor of 12792 and 6515474.
82
What is the highest common divisor of 3283458 and 1302?
186
Calculate the greatest common factor of 1 and 183185368.
1
What is the highest common factor of 243852 and 128387?
7
Calculate the greatest common factor of 110 and 8441140.
10
What is the highest common factor of 25608 and 55704?
264
What is the highest common divisor of 105699 and 88671?
33
What is the greatest common factor of 28004046 and 56901?
4377
Calculate the highest common divisor of 7232844 and 228.
228
Calculate the greatest common divisor of 2322 and 131967.
387
Calculate the highest common divisor of 1152 and 558549696.
192
What is the greatest common factor of 130 and 5119940?
10
What is the greatest common divisor of 18808119 and 416625?
3333
What is the greatest common divisor of 133 and 27934921?
133
Calculate the highest common divisor of 254920256 and 72.
8
Calculate the greatest common divisor of 279524 and 149.
149
Calculate the highest common factor of 3016 and 34628.
4
What is the highest common divisor of 11918 and 2738662?
118
What is the highest common factor of 8424 and 2099448?
936
What is the highest common divisor of 235169 and 19382?
11
Calculate the greatest common divisor of 1120378 and 26544.
1106
What is the highest common divisor of 46402430 and 1414?
202
Calculate the greatest common factor of 1740158 and 3514.
14
What is the greatest common divisor of 54878840 and 11075?
2215
What is the greatest common factor of 60201322 and 106?
106
What is the greatest common divisor of 460616 and 16892206?
8858
Calculate the greatest common factor of 5946266 and 110366.
794
Calculate the highest common divisor of 632 and 166614634.
158
Calculate the highest common divisor of 960 and 290916672.
192
Calculate the highest common factor of 169 and 132750345.
169
Calculate the greatest common factor of 1945658966 and 778.
778
What is the highest common divisor of 2342770 and 4250?
170
What is the greatest common divisor of 95344544 and 36?
4
Calculate the highest common divisor of 282 and 2147648127.
141
Calculate the greatest common factor of 48200715 and 4520.
565
What is the highest common factor of 3933 and 288329058?
207
What is the greatest common factor of 37 and 1193043503?
37
What is the highest common divisor of 71203 and 880?
11
Calculate the greatest common divisor of 1337247 and 2511.
279
What is the greatest common factor of 2109135 and 84?
21
What is the highest common factor of 189 and 7282569?
21
What is the highest common divisor of 24761 and 86185?
11
Calculate the greatest common factor of 307166 and 4860270.
766
Calculate the greatest common divisor of 9120 and 10577904.
48
Calculate the highest common factor of 77658746 and 44.
22
What is the greatest common divisor of 1426043203 and 4121?
4121
What is the greatest common factor of 3493252 and 28?
28
Calculate the highest common divisor of 184808 and 742786.
3554
Calculate the greatest common factor of 11664183 and 3801.
543
Calculate the greatest common divisor of 7031 and 6915478.
89
Calculate the highest common divisor of 877328 and 9120.
16
What is the highest common divisor of 865063870 and 11?
11
What is the highest common divisor of 427697776 and 132?
44
What is the highest common factor of 9142 and 111719811?
4571
Calculate the greatest common factor of 8554 and 46637066.
658
Calculate the greatest common divisor of 7398 and 2419009.
137
What is the greatest common factor of 1654760 and 81729?
1009
Calculate the highest common divisor of 1637979690 and 30.
30
Calculate the highest common divisor of 142507232 and 800.
32
Calculate the highest common factor of 525513 and 7788.
177
Calculate the greatest common factor of 228273 and 104.
1
What is the highest common factor of 286826 and 828?
2
What is the highest common divisor of 414 and 8454662?
46
What is the greatest common factor of 34176 and 2018976?
96
Calculate the greatest common divisor of 38110250 and 750.
250
What is the greatest common factor of 979245 and 2115?
2115
Calculate the highest common divisor of 1296 and 5860836.
324
What is the greatest common divisor of 618 and 187465974?
618
Calculate the highest common factor of 307051 and 15707.
139
Calculate the highest common factor of 173321157 and 2859.
2859
What is the greatest common divisor of 10625 and 23902?
17
Calculate the highest common divisor of 21356 and 111701.
19
Calculate the greatest common divisor of 384616050 and 850.
50
Calculate the highest common divisor of 35454 and 258659322.
1866
Calculate the highest common factor of 42377 and 6975.
31
Calculate the highest common factor of 35773132 and 4.
4
Calculate the greatest common divisor of 671 and 74197838.
671
Calculate the highest common divisor of 72 and 691218.
18
Calculate the highest common divisor of 187965 and 25.
5
Calculate the greatest common factor of 301397 and 3527502.
551
Calculate the greatest common divisor of 